{"id":140,"date":"2024-03-06T22:51:43","date_gmt":"2024-03-06T22:51:43","guid":{"rendered":"https:\/\/www.patatasbeltran.com\/web\/?page_id=140"},"modified":"2024-03-06T22:52:21","modified_gmt":"2024-03-06T22:52:21","slug":"contacto","status":"publish","type":"page","link":"https:\/\/www.patatasbeltran.com\/web\/contacto\/","title":{"rendered":"Contacto"},"content":{"rendered":"<p>[et_pb_section fb_built=\u00bb1&#8243; fullwidth=\u00bbon\u00bb _builder_version=\u00bb4.24.2&#8243; _module_preset=\u00bbdefault\u00bb background_image=\u00bbhttps:\/\/www.patatasbeltran.com\/web\/wp-content\/uploads\/2024\/03\/Recurso-7@4x.png\u00bb custom_margin=\u00bb||||true|false\u00bb custom_padding=\u00bb50px||50px||true|false\u00bb hover_enabled=\u00bb0&#8243; locked=\u00bboff\u00bb global_colors_info=\u00bb{}\u00bb theme_builder_area=\u00bbpost_content\u00bb title_text=\u00bbRecurso 7@4x\u00bb sticky_enabled=\u00bb0&#8243; min_height=\u00bb494px\u00bb][et_pb_fullwidth_header content_max_width=\u00bb50%\u00bb _builder_version=\u00bb4.24.2&#8243; _module_preset=\u00bbdefault\u00bb title_font=\u00bbJost|700|||||||\u00bb title_font_size=\u00bb65px\u00bb content_font=\u00bbRoboto||||||||\u00bb background_enable_color=\u00bboff\u00bb hover_enabled=\u00bb0&#8243; global_colors_info=\u00bb{}\u00bb theme_builder_area=\u00bbpost_content\u00bb custom_margin=\u00bb135px||||false|false\u00bb sticky_enabled=\u00bb0&#8243;]<\/p>\n<h1>Contacta con nosotros<\/h1>\n<p>[\/et_pb_fullwidth_header][\/et_pb_section][et_pb_section fb_built=\u00bb1&#8243; theme_builder_area=\u00bbpost_content\u00bb _builder_version=\u00bb4.24.2&#8243; _module_preset=\u00bbdefault\u00bb][et_pb_row _builder_version=\u00bb4.24.2&#8243; _module_preset=\u00bbdefault\u00bb column_structure=\u00bb1_2,1_2&#8243; theme_builder_area=\u00bbpost_content\u00bb][et_pb_column _builder_version=\u00bb4.24.2&#8243; _module_preset=\u00bbdefault\u00bb type=\u00bb1_2&#8243; theme_builder_area=\u00bbpost_content\u00bb][et_pb_text _builder_version=\u00bb4.24.2&#8243; _module_preset=\u00bbdefault\u00bb theme_builder_area=\u00bbpost_content\u00bb header_3_font=\u00bbSatisfy||||||||\u00bb header_3_text_color=\u00bb#e09833&#8243; header_3_font_size=\u00bb40px\u00bb hover_enabled=\u00bb0&#8243; sticky_enabled=\u00bb0&#8243;]<\/p>\n<h3>Queremos oirte<\/h3>\n<p>[\/et_pb_text][et_pb_blurb image=\u00bbhttps:\/\/www.patatasbeltran.com\/web\/wp-content\/uploads\/2024\/03\/Recurso-8@4x.png\u00bb _builder_version=\u00bb4.24.2&#8243; _module_preset=\u00bbdefault\u00bb theme_builder_area=\u00bbpost_content\u00bb title_text=\u00bbRecurso 8@4x\u00bb icon_placement=\u00bbleft\u00bb body_text_color=\u00bb#edb041&#8243; hover_enabled=\u00bb0&#8243; sticky_enabled=\u00bb0&#8243; body_font=\u00bbRoboto||||||||\u00bb]<\/p>\n<p>Calle Rojales, 7<br \/>03177 Daya Vieja<br \/>Alicante &#8211; Espa\u00f1a<\/p>\n<p>[\/et_pb_blurb][\/et_pb_column][et_pb_column _builder_version=\u00bb4.24.2&#8243; _module_preset=\u00bbdefault\u00bb type=\u00bb1_2&#8243; theme_builder_area=\u00bbpost_content\u00bb][et_pb_text _builder_version=\u00bb4.24.2&#8243; _module_preset=\u00bbdefault\u00bb theme_builder_area=\u00bbpost_content\u00bb text_text_color=\u00bb#3e4085&#8243; text_font=\u00bbRoboto||||||||\u00bb hover_enabled=\u00bb0&#8243; sticky_enabled=\u00bb0&#8243;]<\/p>\n<p>Si quieres hacernos alg\u00fan comentario o ponerte en contacto con nosotros, puedes hacerlo a trav\u00e9s del siguiente formulario.<\/p>\n<p>[\/et_pb_text][et_pb_blurb image=\u00bbhttps:\/\/www.patatasbeltran.com\/web\/wp-content\/uploads\/2024\/03\/Recurso-10.png\u00bb _builder_version=\u00bb4.24.2&#8243; _module_preset=\u00bbdefault\u00bb theme_builder_area=\u00bbpost_content\u00bb title_text=\u00bbRecurso 10&#8243; icon_placement=\u00bbleft\u00bb body_text_color=\u00bb#edb041&#8243; hover_enabled=\u00bb0&#8243; sticky_enabled=\u00bb0&#8243; body_font=\u00bbRoboto||||||||\u00bb]<\/p>\n<p><span style=\"color: #3e4085;\">Telf. <\/span>966 71 33 97<br \/>patatasbeltran@patatasbeltran.com<\/p>\n<p>[\/et_pb_blurb][\/et_pb_column][\/et_pb_row][\/et_pb_section][et_pb_section fb_built=\u00bb1&#8243; theme_builder_area=\u00bbpost_content\u00bb _builder_version=\u00bb4.24.2&#8243; _module_preset=\u00bbdefault\u00bb][et_pb_row _builder_version=\u00bb4.24.2&#8243; _module_preset=\u00bbdefault\u00bb theme_builder_area=\u00bbpost_content\u00bb][et_pb_column _builder_version=\u00bb4.24.2&#8243; _module_preset=\u00bbdefault\u00bb type=\u00bb4_4&#8243; theme_builder_area=\u00bbpost_content\u00bb][et_pb_contact_form _builder_version=\u00bb4.24.2&#8243; _module_preset=\u00bbdefault\u00bb _unique_id=\u00bb8443ded7-a5cc-4bdc-9db4-d43a29473124&#8243; theme_builder_area=\u00bbpost_content\u00bb hover_enabled=\u00bb0&#8243; sticky_enabled=\u00bb0&#8243; submit_button_text=\u00bbEnviar solicitud\u00bb email=\u00bbana@mediosyproyectos.com\u00bb custom_button=\u00bbon\u00bb button_text_color=\u00bb#FFFFFF\u00bb button_border_color=\u00bb#3e4085&#8243; button_bg_color=\u00bb#3e4085&#8243; button_bg_enable_color=\u00bbon\u00bb button_border_radius=\u00bb26px\u00bb button_text_size=\u00bb16px\u00bb][et_pb_contact_field field_id=\u00bbName\u00bb field_title=\u00bbNombre\u00bb _builder_version=\u00bb4.24.2&#8243; hover_enabled=\u00bb0&#8243; global_colors_info=\u00bb{}\u00bb button_text_size__hover_enabled=\u00bboff\u00bb button_one_text_size__hover_enabled=\u00bboff\u00bb button_two_text_size__hover_enabled=\u00bboff\u00bb button_text_color__hover_enabled=\u00bboff\u00bb button_one_text_color__hover_enabled=\u00bboff\u00bb button_two_text_color__hover_enabled=\u00bboff\u00bb button_border_width__hover_enabled=\u00bboff\u00bb button_one_border_width__hover_enabled=\u00bboff\u00bb button_two_border_width__hover_enabled=\u00bboff\u00bb button_border_color__hover_enabled=\u00bboff\u00bb button_one_border_color__hover_enabled=\u00bboff\u00bb button_two_border_color__hover_enabled=\u00bboff\u00bb button_border_radius__hover_enabled=\u00bboff\u00bb button_one_border_radius__hover_enabled=\u00bboff\u00bb button_two_border_radius__hover_enabled=\u00bboff\u00bb button_letter_spacing__hover_enabled=\u00bboff\u00bb button_one_letter_spacing__hover_enabled=\u00bboff\u00bb button_two_letter_spacing__hover_enabled=\u00bboff\u00bb button_bg_color__hover_enabled=\u00bboff\u00bb button_one_bg_color__hover_enabled=\u00bboff\u00bb button_two_bg_color__hover_enabled=\u00bboff\u00bb theme_builder_area=\u00bbpost_content\u00bb sticky_enabled=\u00bb0&#8243;][\/et_pb_contact_field][et_pb_contact_field field_id=\u00bbEmail\u00bb field_title=\u00bbDirecci\u00f3n de correo electr\u00f3nico\u00bb field_type=\u00bbemail\u00bb _builder_version=\u00bb4.16&#8243; global_colors_info=\u00bb{}\u00bb button_text_size__hover_enabled=\u00bboff\u00bb button_one_text_size__hover_enabled=\u00bboff\u00bb button_two_text_size__hover_enabled=\u00bboff\u00bb button_text_color__hover_enabled=\u00bboff\u00bb button_one_text_color__hover_enabled=\u00bboff\u00bb button_two_text_color__hover_enabled=\u00bboff\u00bb button_border_width__hover_enabled=\u00bboff\u00bb button_one_border_width__hover_enabled=\u00bboff\u00bb button_two_border_width__hover_enabled=\u00bboff\u00bb button_border_color__hover_enabled=\u00bboff\u00bb button_one_border_color__hover_enabled=\u00bboff\u00bb button_two_border_color__hover_enabled=\u00bboff\u00bb button_border_radius__hover_enabled=\u00bboff\u00bb button_one_border_radius__hover_enabled=\u00bboff\u00bb button_two_border_radius__hover_enabled=\u00bboff\u00bb button_letter_spacing__hover_enabled=\u00bboff\u00bb button_one_letter_spacing__hover_enabled=\u00bboff\u00bb button_two_letter_spacing__hover_enabled=\u00bboff\u00bb button_bg_color__hover_enabled=\u00bboff\u00bb button_one_bg_color__hover_enabled=\u00bboff\u00bb button_two_bg_color__hover_enabled=\u00bboff\u00bb theme_builder_area=\u00bbpost_content\u00bb][\/et_pb_contact_field][et_pb_contact_field _builder_version=\u00bb4.24.2&#8243; _module_preset=\u00bbdefault\u00bb theme_builder_area=\u00bbpost_content\u00bb field_id=\u00bbAsunto\u00bb field_title=\u00bbAsunto\u00bb hover_enabled=\u00bb0&#8243; sticky_enabled=\u00bb0&#8243; field_type=\u00bbtext\u00bb][\/et_pb_contact_field][et_pb_contact_field field_id=\u00bbMessage\u00bb field_title=\u00bbMensaje\u00bb field_type=\u00bbtext\u00bb _builder_version=\u00bb4.24.2&#8243; hover_enabled=\u00bb0&#8243; global_colors_info=\u00bb{}\u00bb button_text_size__hover_enabled=\u00bboff\u00bb button_one_text_size__hover_enabled=\u00bboff\u00bb button_two_text_size__hover_enabled=\u00bboff\u00bb button_text_color__hover_enabled=\u00bboff\u00bb button_one_text_color__hover_enabled=\u00bboff\u00bb button_two_text_color__hover_enabled=\u00bboff\u00bb button_border_width__hover_enabled=\u00bboff\u00bb button_one_border_width__hover_enabled=\u00bboff\u00bb button_two_border_width__hover_enabled=\u00bboff\u00bb button_border_color__hover_enabled=\u00bboff\u00bb button_one_border_color__hover_enabled=\u00bboff\u00bb button_two_border_color__hover_enabled=\u00bboff\u00bb button_border_radius__hover_enabled=\u00bboff\u00bb button_one_border_radius__hover_enabled=\u00bboff\u00bb button_two_border_radius__hover_enabled=\u00bboff\u00bb button_letter_spacing__hover_enabled=\u00bboff\u00bb button_one_letter_spacing__hover_enabled=\u00bboff\u00bb button_two_letter_spacing__hover_enabled=\u00bboff\u00bb button_bg_color__hover_enabled=\u00bboff\u00bb button_one_bg_color__hover_enabled=\u00bboff\u00bb button_two_bg_color__hover_enabled=\u00bboff\u00bb theme_builder_area=\u00bbpost_content\u00bb sticky_enabled=\u00bb0&#8243;][\/et_pb_contact_field][et_pb_contact_field fullwidth_field=\u00bbon\u00bb _builder_version=\u00bb4.24.2&#8243; _module_preset=\u00bbdefault\u00bb theme_builder_area=\u00bbpost_content\u00bb field_type=\u00bbcheckbox\u00bb checkbox_options=\u00bb%91{%22value%22:%22He le\u00eddo y aceptado la Pol\u00edtica de Privacidad de Patatas Beltr\u00e1n%22,%22checked%22:0,%22dragID%22:-1},{%22value%22:%22Acepto recibir comunicaciones de Patatas Beltran%22,%22checked%22:0,%22dragID%22:0}%93&#8243; hover_enabled=\u00bb0&#8243; sticky_enabled=\u00bb0&#8243; field_id=\u00bbField_5&#8243; custom_margin=\u00bb||||false|false\u00bb][\/et_pb_contact_field][\/et_pb_contact_form][et_pb_text _builder_version=\u00bb4.24.2&#8243; _module_preset=\u00bbdefault\u00bb theme_builder_area=\u00bbpost_content\u00bb hover_enabled=\u00bb0&#8243; sticky_enabled=\u00bb0&#8243;]<\/p>\n<p>(*) Los campos marcados con asterisco son obligatorios. Informaci\u00f3n b\u00e1sica sobre Protecci\u00f3n de Datos Responsable: Patatas Beltr\u00e1n, S.L. Finalidad: Poder resolver tus dudas y atender tus sugerencias Derechos: Acceder, rectificar y suprimir los datos, as\u00ed como otros derechos, como se explica en la Pol\u00edtica de privacidad.<\/p>\n<p>[\/et_pb_text][\/et_pb_column][\/et_pb_row][\/et_pb_section]<\/p>\n","protected":false},"excerpt":{"rendered":"<p>Contacta con nosotrosQueremos oirteCalle Rojales, 703177 Daya ViejaAlicante &#8211; Espa\u00f1aSi quieres hacernos alg\u00fan comentario o ponerte en contacto con nosotros, puedes hacerlo a trav\u00e9s del siguiente formulario.Telf. 966 71 33 97patatasbeltran@patatasbeltran.com(*) Los campos marcados con asterisco son obligatorios. Informaci\u00f3n b\u00e1sica sobre Protecci\u00f3n de Datos Responsable: Patatas Beltr\u00e1n, S.L. Finalidad: Poder resolver tus dudas y atender [&hellip;]<\/p>\n","protected":false},"author":1,"featured_media":0,"parent":0,"menu_order":0,"comment_status":"closed","ping_status":"closed","template":"","meta":{"_et_pb_use_builder":"on","_et_pb_old_content":"","_et_gb_content_width":"","footnotes":""},"yoast_head":"<!-- This site is optimized with the Yoast SEO plugin v22.4 - https:\/\/yoast.com\/wordpress\/plugins\/seo\/ -->\n<title>Contacto - Patatas Beltr\u00e1n<\/title>\n<meta name=\"robots\" content=\"index, follow, max-snippet:-1, max-image-preview:large, max-video-preview:-1\" \/>\n<link rel=\"canonical\" href=\"https:\/\/www.patatasbeltran.com\/web\/contacto\/\" \/>\n<meta property=\"og:locale\" content=\"es_ES\" \/>\n<meta property=\"og:type\" content=\"article\" \/>\n<meta property=\"og:title\" content=\"Contacto - Patatas Beltr\u00e1n\" \/>\n<meta property=\"og:description\" content=\"Contacta con nosotrosQueremos oirteCalle Rojales, 703177 Daya ViejaAlicante - Espa\u00f1aSi quieres hacernos alg\u00fan comentario o ponerte en contacto con nosotros, puedes hacerlo a trav\u00e9s del siguiente formulario.Telf. 966 71 33 97patatasbeltran@patatasbeltran.com(*) Los campos marcados con asterisco son obligatorios. Informaci\u00f3n b\u00e1sica sobre Protecci\u00f3n de Datos Responsable: Patatas Beltr\u00e1n, S.L. Finalidad: Poder resolver tus dudas y atender [&hellip;]\" \/>\n<meta property=\"og:url\" content=\"https:\/\/www.patatasbeltran.com\/web\/contacto\/\" \/>\n<meta property=\"og:site_name\" content=\"Patatas Beltr\u00e1n\" \/>\n<meta property=\"article:modified_time\" content=\"2024-03-06T22:52:21+00:00\" \/>\n<meta name=\"twitter:card\" content=\"summary_large_image\" \/>\n<script type=\"application\/ld+json\" class=\"yoast-schema-graph\">{\"@context\":\"https:\/\/schema.org\",\"@graph\":[{\"@type\":\"WebPage\",\"@id\":\"https:\/\/www.patatasbeltran.com\/web\/contacto\/\",\"url\":\"https:\/\/www.patatasbeltran.com\/web\/contacto\/\",\"name\":\"Contacto - Patatas Beltr\u00e1n\",\"isPartOf\":{\"@id\":\"https:\/\/www.patatasbeltran.com\/web\/#website\"},\"datePublished\":\"2024-03-06T22:51:43+00:00\",\"dateModified\":\"2024-03-06T22:52:21+00:00\",\"breadcrumb\":{\"@id\":\"https:\/\/www.patatasbeltran.com\/web\/contacto\/#breadcrumb\"},\"inLanguage\":\"es\",\"potentialAction\":[{\"@type\":\"ReadAction\",\"target\":[\"https:\/\/www.patatasbeltran.com\/web\/contacto\/\"]}]},{\"@type\":\"BreadcrumbList\",\"@id\":\"https:\/\/www.patatasbeltran.com\/web\/contacto\/#breadcrumb\",\"itemListElement\":[{\"@type\":\"ListItem\",\"position\":1,\"name\":\"Portada\",\"item\":\"https:\/\/www.patatasbeltran.com\/web\/\"},{\"@type\":\"ListItem\",\"position\":2,\"name\":\"Contacto\"}]},{\"@type\":\"WebSite\",\"@id\":\"https:\/\/www.patatasbeltran.com\/web\/#website\",\"url\":\"https:\/\/www.patatasbeltran.com\/web\/\",\"name\":\"Patatas Beltr\u00e1n\",\"description\":\"Tu web de patatas de confianza\",\"potentialAction\":[{\"@type\":\"SearchAction\",\"target\":{\"@type\":\"EntryPoint\",\"urlTemplate\":\"https:\/\/www.patatasbeltran.com\/web\/?s={search_term_string}\"},\"query-input\":\"required name=search_term_string\"}],\"inLanguage\":\"es\"}]}<\/script>\n<!-- \/ Yoast SEO plugin. -->","yoast_head_json":{"title":"Contacto - Patatas Beltr\u00e1n","robots":{"index":"index","follow":"follow","max-snippet":"max-snippet:-1","max-image-preview":"max-image-preview:large","max-video-preview":"max-video-preview:-1"},"canonical":"https:\/\/www.patatasbeltran.com\/web\/contacto\/","og_locale":"es_ES","og_type":"article","og_title":"Contacto - Patatas Beltr\u00e1n","og_description":"Contacta con nosotrosQueremos oirteCalle Rojales, 703177 Daya ViejaAlicante - Espa\u00f1aSi quieres hacernos alg\u00fan comentario o ponerte en contacto con nosotros, puedes hacerlo a trav\u00e9s del siguiente formulario.Telf. 966 71 33 97patatasbeltran@patatasbeltran.com(*) Los campos marcados con asterisco son obligatorios. Informaci\u00f3n b\u00e1sica sobre Protecci\u00f3n de Datos Responsable: Patatas Beltr\u00e1n, S.L. Finalidad: Poder resolver tus dudas y atender [&hellip;]","og_url":"https:\/\/www.patatasbeltran.com\/web\/contacto\/","og_site_name":"Patatas Beltr\u00e1n","article_modified_time":"2024-03-06T22:52:21+00:00","twitter_card":"summary_large_image","schema":{"@context":"https:\/\/schema.org","@graph":[{"@type":"WebPage","@id":"https:\/\/www.patatasbeltran.com\/web\/contacto\/","url":"https:\/\/www.patatasbeltran.com\/web\/contacto\/","name":"Contacto - Patatas Beltr\u00e1n","isPartOf":{"@id":"https:\/\/www.patatasbeltran.com\/web\/#website"},"datePublished":"2024-03-06T22:51:43+00:00","dateModified":"2024-03-06T22:52:21+00:00","breadcrumb":{"@id":"https:\/\/www.patatasbeltran.com\/web\/contacto\/#breadcrumb"},"inLanguage":"es","potentialAction":[{"@type":"ReadAction","target":["https:\/\/www.patatasbeltran.com\/web\/contacto\/"]}]},{"@type":"BreadcrumbList","@id":"https:\/\/www.patatasbeltran.com\/web\/contacto\/#breadcrumb","itemListElement":[{"@type":"ListItem","position":1,"name":"Portada","item":"https:\/\/www.patatasbeltran.com\/web\/"},{"@type":"ListItem","position":2,"name":"Contacto"}]},{"@type":"WebSite","@id":"https:\/\/www.patatasbeltran.com\/web\/#website","url":"https:\/\/www.patatasbeltran.com\/web\/","name":"Patatas Beltr\u00e1n","description":"Tu web de patatas de confianza","potentialAction":[{"@type":"SearchAction","target":{"@type":"EntryPoint","urlTemplate":"https:\/\/www.patatasbeltran.com\/web\/?s={search_term_string}"},"query-input":"required name=search_term_string"}],"inLanguage":"es"}]}},"_links":{"self":[{"href":"https:\/\/www.patatasbeltran.com\/web\/wp-json\/wp\/v2\/pages\/140"}],"collection":[{"href":"https:\/\/www.patatasbeltran.com\/web\/wp-json\/wp\/v2\/pages"}],"about":[{"href":"https:\/\/www.patatasbeltran.com\/web\/wp-json\/wp\/v2\/types\/page"}],"author":[{"embeddable":true,"href":"https:\/\/www.patatasbeltran.com\/web\/wp-json\/wp\/v2\/users\/1"}],"replies":[{"embeddable":true,"href":"https:\/\/www.patatasbeltran.com\/web\/wp-json\/wp\/v2\/comments?post=140"}],"version-history":[{"count":2,"href":"https:\/\/www.patatasbeltran.com\/web\/wp-json\/wp\/v2\/pages\/140\/revisions"}],"predecessor-version":[{"id":146,"href":"https:\/\/www.patatasbeltran.com\/web\/wp-json\/wp\/v2\/pages\/140\/revisions\/146"}],"wp:attachment":[{"href":"https:\/\/www.patatasbeltran.com\/web\/wp-json\/wp\/v2\/media?parent=140"}],"curies":[{"name":"wp","href":"https:\/\/api.w.org\/{rel}","templated":true}]}}